composite?
True
Is 69259 a prime number?
True
Is 14137 prime?
False
Is 1253 composite?
True
Is 25351 composite?
True
Is 1399 prime?
True
Is 7071 composite?
True
Is 17323 prime?
False
Is 20369 composite?
False
Is 108527 a prime number?
False
Is 2189 a composite number?
True
Is 211 prime?
True
Is 30079 a prime number?
False
Is 123773 a prime number?
False
Is 5623 a composite number?
False
Is 64063 prime?
True
Is 1979 prime?
True
Is 47413 a prime number?
False
Is 136811 a composite number?
False
Is 6995 composite?
True
Is 15679 a prime number?
True
Is 269513 a composite number?
False
Is 19157 a prime number?
True
Is 42787 composite?
False
Is 10589 prime?
True
Is 40343 prime?
True
Is 440963 prime?
False
Is 2921 composite?
True
Is 45221 a prime number?
False
Is 127 prime?
True
Is 25511 composite?
True
Is 14995 prime?
False
Is 1623 a composite number?
True
Is 14727 a composite number?
True
Is 83158 prime?
False
Is 249287 a composite number?
False
Is 1170491 composite?
True
Is 33211 a composite number?
False
Is 41289 a composite number?
True
Is 2495 a composite number?
True
Is 995 a prime number?
False
Is 85121 composite?
False
Is 21703 a prime number?
False
Is 11402 composite?
True
Is 2309 a composite number?
False
Is 569237 a prime number?
True
Is 108029 prime?
False
Is 9091 prime?
True
Is 103141 prime?
True
Is 110017 a prime number?
True
Is 9277 a prime number?
True
Is 214849 prime?
True
Is 84679 composite?
True
Is 42979 a composite number?
False
Is 7321 composite?
False
Is 336283 composite?
True
Is 2054179 prime?
True
Is 74149 prime?
True
Is 266629 composite?
True
Is 62791 prime?
True
Is 847477 a composite number?
False
Is 33379 a composite number?
True
Is 24526 a prime number?
False
Is 14143 a prime number?
True
Is 194141 a prime number?
True
Is 17687 composite?
True
Is 1570457 composite?
True
Is 9383 prime?
False
Is 8503 composite?
True
Is 9934 prime?
False
Is 2705 prime?
False
Is 745273 a prime number?
True
Is 9233 composite?
True
Is 9617 a prime number?
False
Is 2927 prime?
True
Is 11393 composite?
False
Is 9271 a prime number?
False
Is 8101 prime?
True
Is 20393 composite?
False
Is 39099 prime?
False
Is 140149 composite?
True
Is 47065 a composite number?
True
Is 32905 a composite number?
True
Is 12809 a composite number?
False
Is 171161 prime?
True
Is 1619 a prime number?
True
Is 59101 prime?
False
Is 1109 composite?
False
Is 6234343 a prime number?
True
Is 10487 a prime number?
True
Is 831631 composite?
False
Is 48017 prime?
True
Is 618533 composite?
True
Is 13954 a prime number?
False
Is 101267 a composite number?
False
Is 190469 composite?
True
Is 2935 a prime number?
False
Is 90053 prime?
True
Is 1973 prime?
True
Is 42551 a prime number?
False
Is 23053 a composite number?
False
Is 579737 composite?
False
Is 818303 a composite number?
False
Is 7831 prime?
False
Is 10589 prime?
True
Is 337969 composite?
False
Is 77705 composite?
True
Is 472487 a prime number?
False
Is 11599 composite?
True
Is 2348965 a composite number?
True
Is 345679 composite?
False
Is 224279 a composite number?
True
Is 317767 a prime number?
False
Is 8819 a prime number?
True
Is 16637 composite?
True
Is 14777 a composite number?
True
Is 8143 prime?
False
Is 2743 a composite number?
True
Is 216211 prime?
True
Is 788189 prime?
True
Is 47707 prime?
False
Is 954281 prime?
False
Is 52163 composite?
False
Is 785186 a composite number?
True
Is 26749 composite?
True
Is 14197 a prime number?
True
Is 23753 a composite number?
False
Is 1575041 composite?
True
Is 1228555 prime?
False
Is 1003 prime?
False
Is 38113 a prime number?
True
Is 42647 prime?
False
Is 1823585 composite?
True
Is 21173 a prime number?
False
Is 223241 prime?
True
Is 1332449 a prime number?
True
Is 6317 prime?
True
Is 918371 a composite number?
False
Is 83227 composite?
False
Is 391 a composite number?
True
Is 708113 a composite number?
True
Is 4688741 a prime number?
True
Is 20323 prime?
True
Is 121183 a prime number?
False
Is 55103 a composite number?
False
Is 533353 composite?
False
Is 1201381 composite?
False
Is 810791 a composite number?
False
Is 52259 a composite number?
False
Is 25709 a composite number?
True
Is 32543 composite?
True
Is 78941 a prime number?
True
Is 3166931 composite?
True
Is 31121 prime?
True
Is 14137 a composite number?
True
Is 319 a composite number?
True
Is 4322 composite?
True
Is 134231 a prime number?
False
Is 221393 prime?
True
Is 4721 composite?
False
Is 2167259 composite?
False
Is 81211 a composite number?
True
Is 39041 a prime number?
True
Is 68759 a composite number?
True
Is 15109 prime?
False
Is 6469 prime?
True
Is 121487 prime?
True
Is 97793 a composite number?
True
Is 41887 prime?
True
Is 33518 a composite number?
True
Is 44413 a prime number?
False
Is 2813 a prime number?
False
Is 38359 prime?
False
Is 219189 prime?
False
Is 220795 a prime number?
False
Is 241907 a composite number?
False
Is 253381 prime?
True
Is 21139 composite?
False
Is 18059 prime?
True
Is 724027 a composite number?
True
Is 834857 composite?
False
Is 17971 composite?
False
Is 27139 a prime number?
False
Is 23717 a composite number?
True
Is 179917 a composite number?
False
Is 145045 a composite number?
True
Is 1633 composite?
True
Is 104983 a composite number?
True
Is 5219 a composite number?
True
Is 752137 a composite number?
False
Is 593111 a composite number?
False
Is 329627 prime?
True
Is 4019 prime?
True
Is 116329 a prime number?
True
Is 688583 composite?
True
Is 84641 a composite number?
True
Is 791489 a composite number?
False
Is 324791 a prime number?
True
Is 41383 composite?
True
Is 727981 composite?
False
Is 1371757 a prime number?
False
Is 16311 a prime number?
False
Is 129671 prime?
True
Is 5779 a composite number?
False
Is 5245 prime?
False
Is 42491 a prime number?
True
Is 910771 a prime number?
True
Is 76569 prime?
False
Is 953 composite?
False
Is 47087 prime?
True
Is 9829 a composite number?
False
Is 10559 composite?
False
Is 98953 composite?
False
Is 3026723 composite?
True
Is 64063 a composite number?
False
Is 4861 a prime number?
True
Is 1399 a prime number?
True
Is 5923 prime?
True
Is 70631 a composite number?
True
Is 3386 composite?
True
Is 245263 prime?
False
Is 3671 a prime number?
True
Is 55 a prime number?
False
Is 41719 a composite number?
False
Is 8083 composite?
True
Is 413309 a prime number?
False
Is 6049 prime?
False
Is 99551 a prime number?
True
Is 242139 prime?
False
Is 90163 prime?
True
Is 1383 a composite number?
True
Is 106531 composite?
False
Is 9865 prime?
False
Is 778045 composite?
True
Is 348391 prime?
False
Is 200723 a composite number?
False
Is 3534529 prime?
True
Is 1332453 composite?
True
Is 3997649 a prime number?
True
Is 205657 a composite number?
False
Is 119591 a composite number?
False
Is 40063 a composite number?
False
Is 44617 composite?
False
Is 19567 composite?
True
Is 25349 prime?
True
Is 6181 a prime number?
False
Is 4393 a prime number?
False
Is 1778653 a prime number?
False
Is 45829 composite?
True
Is 1521451 composite?
True
Is 128285 composite?
True
Is 36679 prime?
False
Is 136961 composite?
True
Is 230927 prime?
False
Is 28685 composite?
True
Is 118117 prime?
False
Is 454 prime?
False
Is 37353 prime?
False
Is 65542 prime?
False
Is 483317 composite?
False
Is 15259 prime?
True
Is 34087 a composite number?
True
Is 226741 a composite number?
False
Is 57907 a composite number?
True
Is 6863 a prime number?
True
Is 790522 a composite number?
True
Is 9017 composite?
True
Is 30881 a composite number?
False
Is 39821 a composite number?
False
Is 74435 prime?
False
Is 90631 composite?
False
Is 16657 composite?
False
Is 26903 prime?
True
Is 7801 prime?
False
Is 1100731 prime?
False
Is 129841 a prime number?
True
Is 350843 a composite number?
False
Is 27613 a prime number?
False
Is 3989429 composite?
False
Is 29287 a prime number?
True
Is 18053 a prime number?
False
Is 666929 composite?
False
Is 91691 composite?
False
Is 14743 a composite number?
True
Is 319423 prime?
False
Is 38543 prime?
True
Is 4857 prime?
False
Is 16793 prime?
False
Is 669 composite?
True
Is 39271 prime?
False
Is 2056891 prime?
True
Is 91667 a prime number?
False
Is 3230957 prime?
True
Is 13523 a prime number?
True
Is 22457 a prime number?
False
Is 110969 a composite number?
False
Is 7782